9. Let m be f(a). What is the units digit of m/(-9) - 4/(-6)?
4
Let l(w) = w**3 + 74*w**2 - 47*w + 120. What is the thousands digit of l(-74)?
3
Let z = -19 + 19. Let v(l) = -l**3 - 2*l + 81. What is the tens digit of v(z)?
8
Let d = -5687 - -9538. What is the units digit of d?
1
Let u = -47 + 41. What is the tens digit of 3/9 - 178/u?
3
Let f(w) = w**3 - 3*w**2 - 5*w + 6. Let r be f(4). What is the tens digit of (1/r)/(-3 - 170/(-56))?
1
Let n = 340 + 1193. What is the units digit of n?
3
Let i be (-1 - (-2 + -1))/1. Let t be i/4*(-3 + 9). Suppose 160 = 8*a - t*a. What is the tens digit of a?
3
Let w(h) = -h**3 - 25*h**2 + 75*h + 153. What is the tens digit of w(-28)?
0
What is the units digit of (-50)/25 - (-177)/1?
5
Let t(s) = 3*s**2 + 30*s + 43. What is the hundreds digit of t(-13)?
1
Let g(p) = -p**3 + p**2. Let l be g(1). Suppose l = 2*i + 4*s - 54, -4*i - 2*s - 2*s = -124. What is the tens digit of i?
3
Suppose -16*b + 17449 = -4567. What is the units digit of b?
6
Let v(u) = u**3 - u + 15. Let m be v(0). Let z = -18 - -12. Let h = m + z. What is the units digit of h?
9
Let o be 1*(-5)/(20/(-8)). Suppose 5*j + o*s = -2*s + 68, 5*s - 49 = -4*j. Suppose 5*y = x + 135, 5*y + x = j + 119. What is the units digit of y?
7
Let c = -2 + 7. Let a = c + -2. Suppose -8*z = -a*z - 20. What is the units digit of z?
4
Let y = 30 + -28. Suppose -u = -2*r + 3*u - 20, 2*r - y*u + 22 = 0. What is the units digit of (-3 - r/3)*7?
7
Let u be (9/(6/2))/1. Suppose 3*g - u*x + 36 = 0, 5*g = -x - 2*x - 84. Let p = g - -21. What is the units digit of p?
6
Let a(d) = 6*d + 31. What is the tens digit of a(-3)?
1
Let t be (3/6)/((-2)/(-12)). Suppose o + 52 - 7 = 5*i, -t*o - 4*i = 116. What is the tens digit of 80/(-3)*48/o?
3
Let q be (6/4)/(54/1692). Suppose -52*s + 15 = -q*s. What is the units digit of s?
3
Let j be (-9)/(-6) - (-2)/4. Suppose -4*w - 4*t = -2 - j, 3*t + 29 = 5*w. What is the units digit of (1/w)/((-1)/(-28))?
7
Let o be (1 + 1/((-3)/85))*-15. Suppose 5*l - a - 2*a - o = 0, -4*l + a + 328 = 0. What is the tens digit of l?
8
Let p = 25 - 21. Suppose -9 = -2*k - k - 3*u, -2*k - p*u + 14 = 0. What is the units digit of 0 - k - 0 - -3?
4
Suppose k + 0*k - 4 = 0. What is the tens digit of 17 + (-12)/((-16)/k) + -2?
1
Let o be 3 + (2/8 - (-2049)/12). Let n = o + -21. What is the hundreds digit of n?
1
Suppose 5*z + 345 - 1240 = 0. Let k = -41 + z. Suppose -f + k = 5*u - 164, 0 = u - 3*f - 54. What is the tens digit of u?
6
Suppose 2*v - 5*w - 2005 = 0, 4*v - 4*w - 4050 = -2*w. What is the thousands digit of v?
1
Let i = 511 + -483. What is the units digit of i?
8
Let j = 17 + -10. Let u(b) = -b**3 + 8*b**2 - 2*b + 3. Let p be u(j). Suppose -28 = -3*f + p. What is the units digit of f?
2
What is the hundreds digit of (-10)/(33 - -7) + 633/4?
1
Let t be (-16 + 7)/((-2)/(-28)). Let m be (-72)/t - 32/7. What is the tens digit of (-82)/(4/8*m)?
4
Let p = 78 - -26. Suppose 2*k + 53 = 3*k + 5*z, 3*k + 4*z - p = 0. What is the tens digit of k?
2
Suppose -3*z = -3*o + 15, -o - 5*z + 1 = 2. Suppose o + 74 = 3*c. What is the tens digit of c?
2
Let u(x) = -x**2 - 8*x - 12. Let f(c) = -3*c + 10. Let k be f(5). Let r be u(k). Suppose -2*l = r*l - 4*t - 350, 56 = l + 2*t. What is the units digit of l?
6
Suppose 2*k + 3*i = 255, 4*k - i = i + 486. What is the tens digit of k?
2
Suppose 42 + 240 = 6*p. What is the tens digit of p?
4
Suppose -2*j = -2*v - 12 - 14, -2*v + 3*j = 29. Let z = -12 - v. What is the tens digit of 260/z*3/(-6)?
6
Let j = 37 - 33. Suppose j*w - 2 = 270. What is the tens digit of w?
6
Let h = 153 + -88. Suppose 5*y = -m + 5*m - 185, h = m + 5*y. What is the units digit of m?
0
Suppose -6*c = -10*c. Let m = c - -9. Let q = 1 + m. What is the tens digit of q?
1
Let n = -380 - -646. Suppose -7 + 2 = 5*d, -n = -a - 2*d. What is the tens digit of a?
6
Suppose 2*l - 47 = -45, -5*l + 5341 = 4*v. What is the tens digit of v?
3
Let x(v) = 24*v - 3. Let k be 2/(-9) - ((-172)/(-36) + -6). What is the units digit of x(k)?
1
Let a(u) = 40*u**3 + 2*u**2 - 3*u + 2. Let q(k) = 4*k + 21. Let s be q(-5). Let h be 0 - (1/s)/(-1). What is the units digit of a(h)?
1
Let s = 62 - 120. Let v = s + 109. What is the tens digit of v?
5
Suppose -3*y = -2*y + 2*h - 2, -3*y + 9 = 3*h. Suppose -4*w + 4*b + 32 = 8*b, -7 = w + y*b. What is the units digit of w?
3
Suppose 3*x - 7 = -4*i, -2*x = 2*i - i + 2. Let r(v) = -21*v**2 + 3*v + 1. Let n(w) = -w**2 + w. Let z(b) = i*n(b) - r(b). What is the tens digit of z(1)?
1
Let p be 2*(4 - 1) - (20 - 17). Suppose -104 - 145 = -5*g + 3*f, -p*g + 2*f + 149 = 0. What is the tens digit of g?
5
Suppose 0 = 61*y + 7102 - 77435. What is the units digit of y?
3
Let k(h) = 2 + 14*h - 26*h**2 - 28*h**2 + 55*h**2. Let v be k(-14). Suppose -5*i + 5*z + 55 = 0, -5 = v*i + 3*z - 17. What is the units digit of i?
9
Suppose -v = 13*k - 9*k - 280, 0 = -v + 3*k + 252. What is the units digit of v?
4
What is the tens digit of (12645/(-30))/(6/(-12))?
4
Suppose -5*q + y + 16 = 0, 2 = q + y - 0. What is the units digit of q*-1*(-102)/9?
4
Suppose 3*y + 8407 = 10*y. What is the thousands digit of y?
1
Let x(a) = 103*a**2 + 4*a - 17. What is the hundreds digit of x(3)?
9
Let u(f) = 2*f**2 + 18*f + 25. Let b be u(-8). What is the units digit of 5 - 3*(-474)/b?
3
Suppose -v + 3*u = 5, -2*u - 1 = -v - u. Suppose v*i - 6 = 3*x, -3*x + 4 = -x. What is the units digit of i?
3
Let o be -1 - 0 - (-12)/4. Let z(r) = -r**3 + 7*r**2 + r - 3. Let s be z(7). Suppose -s + 2 = -o*g. What is the units digit of g?
1
Suppose 0 = -g + 4*i + 35, -2*g - g + 3*i + 60 = 0. Suppose 0 = -3*l - 39 + g. Let o = 30 - l. What is the tens digit of o?
3
Let w(n) = -11*n + 15. Let l be w(-7). Suppose 6*k + l - 620 = 0. What is the units digit of k?
8
Let c(d) = d**2 + d + 6. What is the hundreds digit of c(-20)?
3
Let d(s) = -213*s - 1289. What is the units digit of d(-31)?
4
Let h(d) = d**3 - 5*d**2 + 5. Let n be h(4). Let w = n - -13. Suppose -4*i - w*o = -114, -2*o = 4*i + o - 113. What is the tens digit of i?
2
Suppose -g + 44 = k, -3*g - 2*g = -5*k - 270. Suppose 5*d + 1 = -g. What is the units digit of (56/10)/((-2)/d)?
8
Suppose 4*x = -3*u + 961, -6*x + 7*x = -u + 322. What is the tens digit of u?
2
Suppose 4 = 3*x - 7*x, -2866 = -3*t - 5*x. What is the hundreds digit of t?
9
Suppose 5*r + 3*d = 27, 3*r - 2 + 5 = 3*d. Suppose -r*p - 30 + 90 = 0. What is the tens digit of p?
2
Let a be -3 - (-51)/(3 - 0). Let r = -9 + a. Suppose -3*l + 34 = -4*t, r = 4*t - 3. What is the units digit of l?
4
Let m = 28 + 15. Let x = -34 + m. What is the units digit of x?
9
Let n(z) = z - 4. Let w be n(0). Let d(m) = -2*m**3 + 2 + m**3 - 46*m - 5*m**2 + 41*m. What is the units digit of d(w)?
6
Let l be (1 + 0 - 5) + 4. Let o = l - -25. What is the units digit of o?
5
Suppose y - 104 - 18 = 0. Let k = 36 + y. Suppose 5*u = -4*p + k - 15, 2*u = 3*p - 136. What is the tens digit of p?
4
Let j(w) = -3*w**3 - w**2 - w + 2. Let r = -38 + 16. Let s = r - -20. What is the tens digit of j(s)?
2
Let c = -20 - -25. Suppose c*v - 17 = 3*x, -6*v - x = -2*v. Suppose 2*u = u + v. What is the units digit of u?
1
What is the hundreds digit of 135/((-16)/(-10) - (-9)/(-15))?
1
Suppose -47 + 304 = i. What is the hundreds digit of i?
2
Suppose 3*l + 4*f = 188, 81 = l - f + 9. What is the tens digit of l?
6
What is the units digit of 1417 - (-2 + -1 + 2)?
8
Let d(v) = 55*v**3 - 5*v**2 - 4*v - 2. Let j(z) = -166*z**3 + 14*z**2 + 11*z + 6. Let o(p) = -17*d(p) - 6*j(p). What is the tens digit of o(1)?
6
Let j(r) = 13*r**2 + r - 44. What is the tens digit of j(13)?
6
Let u = -13 + 60. Suppose -4*b + 5*b - 2*f - u = 0, -4*b + 179 = -5*f. What is the units digit of b?
1
Let x(o) = 2*o - 5. Let q be x(6). Let t(u) = u**3 - 6*u**2 - 5*u - 2. Let s be t(q). Suppose 4*l = 5*i - 7 - 17, -i - l = -s. What is the units digit of i?
8
Suppose 6621 = 4*m - 3*i - 46, 4*i = -3*m + 5019. What is the units digit of m?
9
Let o(c) = -c**3 + 9*c**2 - 9 - 5 - 4*c + 0 + 2*c**2. Suppose 2*j - 24 = -n, 0*j - 2*n = -j + 2. What is the tens digit of o(j)?
4
Let b(v) = 2*v**2 + 17*v - 30. What is the tens digit of b(9)?
8
Let v(f) = -287*f + 53. What is the thousands digit of v(-8)?
2
Let q = -58 + 62. Let c = -27 + 81. Suppose q*x - c = 3*x. Wh